hat is -41 + 37 - 17 - (22 + -30)?
-13
What is the value of 3 - (0 - (4 + -88)) - (54 - (110 - 47))?
-72
Calculate -102 + (3 - -43) + 49.
-7
Evaluate 2 + -22 - (3643 + -3543).
-120
Calculate 15110 - 15131 - (-1 - -1 - (19 + -3)).
-5
(-4 - 0 - (16 - 10)) + (96 - (3 - -3))
80
Evaluate 17 - (-6 + 7 + 49 - 15).
-18
64 - (-9 + -14 - (-1 + -3))
83
What is (7381 - 7395) + (2 + 21 - 0)?
9
What is the value of 71 + -159 + 61 + 84?
57
What is the value of (-17 - -32 - 4) + (-13 - (71 + 20))?
-93
What is the value of -26 + -20 + 8 - -18?
-20
What is 3 + (-621 - -556) + (11 - (0 + -1))?
-50
15 + -1 + 42 + (-1 - -21 - (450 - 437))
63
What is -33 - -8 - (0 + (-2 - (-3 - (2 - 14))))?
-14
What is the value of -65 + 2 + -247 + 271?
-39
(-72 - 2) + (1 + -19 - -30)
-62
What is -1 + -8 + 15 + (-3 - 0) + 115 + -126?
-8
What is the value of 1 - 73 - (99 + -111 + 36)?
-96
What is the value of (15985 - 16059) + (1 - (0 - 22))?
-51
What is the value of 13 - (11 + 10 + 24 + 25)?
-57
Calculate -13 - -2 - (3 + -48).
34
Calculate 23 + (15 + 14 + -28 - 15) + (-1 - 11).
-3
What is the value of -8 - (3 - 3) - (15265 + -15293)?
20
(-1 - (4 - (-4 - -50))) + (-49 - -43) + -2
33
What is 1 + 5 + (-20 + 44 - (-14 - -54)) + -79?
-89
What is -18 - (29 + -54) - (4 + 32 - 3)?
-26
What is -15 + (41 - 1 - (-681 - -699))?
7
28 - 0 - (2319 + -2275)
-16
Evaluate -24 + (10 - (39 + -17)) - 5.
-41
Evaluate (-49 - (-1 + 5)) + -419 + 438.
-34
What is 393 - 393 - (-2 + -34) - 19?
17
What is the value of -18 + 31 + (14 + -28 - 85)?
-86
What is the value of 1 + -20 - (-159 - -17 - -85)?
38
Calculate 75 + -4 + (-47 + 59 - 4).
79
What is (9725 - 9759) + -25 + 0?
-59
What is the value of 325 + -337 - (1 + (-3 - (-4 + 3)) + 49)?
-60
What is (1 - 11 - 7) + 9 - -71?
63
Evaluate -323 + (100 - -171) - (1 - (-4 - (2 + -2))).
-57
What is -13 - 56 - (14 - 43)?
-40
What is the value of -65 - (113 + -200) - 8?
14
What is (-2 - -4) + (27 - (-12 + 16)) - (13 + -7)?
19
(7 - (0 - -2)) + (9 - 7 - (-16 + 5))
18
Calculate (1 - 11) + 168 + 15 + -49.
124
-12 - (-13 - (-10 - (-14 + 13)))
-8
Evaluate 11 - (0 - -7 - (-15 - -3 - -27)).
19
What is the value of -1 + 22 - (116 - 107) - 39 - 3?
-30
Evaluate -35 - (-47 + -48) - 38.
22
What is the value of -97 - (-53 + (78 - -10))?
-132
Calculate 17 - (-23 - (50 - 13)).
77
What is the value of -5 - -12 - (103 + -43 + -60 + 1 + 62)?
-56
(-564 - -564) + (3 - 2) + 0 + -73
-72
What is (27 + -10 - 11) + -74?
-68
What is the value of -19 + -20 + (22 - 14) - 23?
-54
What is the value of 18 + 1 + (10 - 7) + -11?
11
Calculate 38 + -144 + -37 + 19 + -4.
-128
What is the value of 21 - (25 - (18 + -26 + -1))?
-13
(1 - ((-6 + -1 - -7) + -1)) + -45
-43
Evaluate 17 + (-64 - -53) + 21.
27
Evaluate 110 + -2 + (-14 - 2) + 27.
119
Calculate -25 + 1 + -1 + (141 - 157).
-41
-126 - (-1 - 1 - 12 - (18 + (-9 - 10)))
-113
0 - -9 - (-20 + -24 + 28 - -25)
0
What is -52 + 1 - (-73 - -57)?
-35
-368 + 376 + -4 + -4 + 6 - (-71 + 0)
77
What is the value of -7 - (-8 - -4 - -3) - (140 - 177)?
31
Evaluate 5 + -6 - (-4 + -8) - (2 - 0).
9
What is the value of -28 + 23 + -51 + 92?
36
Evaluate 42 - (127 + (-84 - -77)).
-78
Evaluate -45 + 2 - (-4814 + 4820).
-49
Calculate (48 - 25 - 8) + (-2 - 5).
8
What is (-98 - 101 - -125) + -28 + -1?
-103
What is 11 - (67 - (79 + -58))?
-35
-12 - 29 - (60 - 96)
-5
Calculate -11 + 70 - 58 - 28.
-27
Calculate 3 + 13 + -24 + 5 + -17 + 7.
-13
What is (-6 - (47 - ((2 - -10) + -10))) + 6 + -5?
-50
Evaluate -246 - (-30 - 86) - -129.
-1
Evaluate -17 + -19 + 26 - (7 + 10).
-27
97 + -121 + -26 + 8
-42
Evaluate -26 - -44 - (-4 - -1) - -21.
42
-2 - (55 - 5) - (1 + 6 - 13)
-46
What is the value of -1604 + 1665 - (30 + 0)?
31
What is the value of 25 - 17 - (17 - -15 - (1 - (9 + -3)))?
-29
(-32 - (3 + -9)) + 48
22
Calculate (6 - (-21 + -11 + 22)) + 4.
20
What is the value of 20 - (17 - (-64 - -22) - 3)?
-36
(-11 - 2) + (328 - 315)
0
Evaluate 7 + (-64 - (-18 - -33)).
-72
What is the value of (((6 - -1) + -3 - 10) + -5 - -10) + 85?
84
38 - (-4 + -13 + -5 + 22)
38
(-8 - -10 - (-10 + 3)) + -28 - 11
-30
Evaluate -32 - (18 - (70 + -35)).
-15
What is 11 - (7 + 0) - (316 + -229)?
-83
Evaluate 20 + (-1 - -2) + (-1 - -3 - -5).
28
50 + -13 + -14 - (-4 + -2 + -5 - 1)
35
Evaluate ((-1 - -31) + -2 - 35) + (1 - (0 - -58)).
-64
Calculate 45 + -57 - -19 - (-4 - (-69 + -2 + -2)).
-62
What is the value of 1 + (3 - 30) - (1 - ((-35 - 4) + 29))?
-37
What is the value of -12 + 1018 + -1024 + 0 + 0 + 40?
22
Calculate -2 + -5 + 1 - (-20 + 13).
1
What is (-2 - -3) + (-4 - (-3 - -7) - -18) + -12?
-1
-456 - -422 - ((11 - -5) + -3)
-47
Evaluate -7 + (37 - 62) + (-10 - -54).
12
Evaluate -146 + (-26 - -54) - (-2 - (-10 - -3)).
-123
-131 - -93 - (4 + -7)
-35
Evaluate -13 + 9 + 13 - (-5 + (43 - (-2 + -2))).
-33
Calculate (104 - 140) + 22 + 13 + 1.
0
Calculate 66 + -68 + (10 + 0 - -108) + 16 + -2.
130
(-9 + 11 + 3 - (-6 + 18)) + (9 - -26)
28
Evaluate (-187 - (-85 - 47)) + 112.
57
Evaluate 5 - 131 - (-80 - -16).
-62
What is 0 + (-16 - (-9 + (-5 - -49)) - (-5 - 4))?
-42
What is (-10 - 41) + 69 - 87?
-69
What is 2 + 0 + -2 + -3 - (-178 + -2 - -207)?
-30
What is the value of (11 - (-22 + -24 + 45)) + (-1 - 109 - -1)?
-97
What is the value of (-9 - -45) + 4 + -56?
-16
59 - 1 - (3 - (7 + (17 - (6 - -9))))
64
2 + -4 - -7 - 40 - (4 + (9 - 4))
-44
What is -3 + -5 + -5 + -5 + 4 + 93?
79
What is -22 - (-55 - (-9 + 2 + 24 - -5))?
55
What is the value of -51 + (58 - 72) + -5 + 17?
-53
What is the value of 18 + 15 - -50 - 31?
52
What is the value of 4 + 21 + -2 + 21 + 17 + (0 - 27)?
34
Evaluate -47 - (-60 - -56) - -99.
56
Evaluate 33 - (-55 + 145 + -11).
-46
What is the value of 7 - ((-46 + 85 - 32) + (6 - -27))?
-33
-4 - (22 + 28 + -28) - (-3 + (-9 - -1))
-15
What is 100 + -3 + 22 + (-35 - 26)?
58
Calculate -1 + -14 + (-112 - -114).
-13
Evaluate -6 + (-8 + (27 - 43) - 8).
-38
Calculate 0 + 30 + 340 + -197 + -149.
24
What is -77 + 44 + 25 + -74 + (-5 - 0) + 8?
-79
Evaluate -1 + -5 - (-43 + (-57 - -19) + 18).
57
Calculate (-29 - 79) + -15 + 93.
-30
What is 26 + (-30 - -19) - -54?
69
Calculate (8 - (-3 + 6 - -58)) + 43 + -61.
-71
Evaluate -143 - (-273 + 136) - (-37 - (1 - 3)).
29
Calculate 52 - (-49 - 31 - -67).
65
What is -11 - -3 - ((36 - (24 + 2)) + -92)?
74
Calculate 1 + -2 - (-33 + (-30 - -61)) - 42 - 2.
-43
What is the value of 310 + -299 - (1 + 25) - 16?
-31
Calculate (-19 + -23 - -15 - (-11 + -4)) + 12 - 15.
-15
Calculate (58 - (43 + 51)) + 93.
57
What is the value of -14 - -20 - (-11 + (-2 - -6) + 30)?
-17
Evaluate 14 + (-20 - (-15 - (-10 - -20))) + -118.
-99
Calculate (-2 + -24 - (13 + -23)) + (8 - -29).
21
Evaluate 8 - ((46 - (5 - 10)) + 13 - 8).
-48
-9 + 96 + -32 + -98
-43
What is -5 + 17 + -9 + 0?
3
(10 - (-87 + 108)) + (99 - (-4 - -2 - -2))
88
Calculate -132 + (11 - -178) + -116.
-59
What is the value of -47 - ((12 - (36 - 25)) + -2)?
-46
56 + 2 - (1024 + -973)
7
What is 45 + (-3 - 15) + 8 - 1 - 8?
26
What is the value of -3 + 2 - (-33 + 2) - (81 + -31 + -57)?
37
(113 - (255 + -149)) + -75 + (-1 - 0 - -1)
-68
What is the value of 0 + 1 + -12 + 11 + -13 + 13?
0
Evaluate 1531 + -1537 + (3 - (1 - -1 - -3)).
-8
Evaluate -58 + -99 + 97 - -32.
-28
Calculate -52 - (22 + 0 - (63 + -42)).
-53
What is 5 - (-38 + 18 + (-8 - -21))?
12
Calculate 28 - (10 - (8 - (-5 - 46))).
77
Evaluate (-64 - -3) + 1012 + -1006.
-55
Evaluate 37 + 4 + -8 - 38 - (1 + 49).
-55
What is 91 + (5 - (-31 + 43)) + -16?
68
Evaluate 4 + 38 + 169 + -289 + -71.
-149
-97 + 97 + -9 + (25 - 24) + 135 + -1
126
Calculate -5 + -17 + 14 - (0 + -11) - -69 - 10.
62
-69 + 72 + 7 + -84
-74
What is the value of 89 + -6 + (6 - ((8 - 25) + 34))?
72
What is -27 + 16 - (29 + (12 + -9 - 3))?
-40
Calculate (-110 - (-336 - -214)) + (1 - (0 + -1)).
14
35 + (-18 - -5) + 8 + -8 + 7
29
What is -11 - (57 + (-12 - -6) - (26 + -14))?
-50
Calculate -13 - (5 + 0 + (-68 - 17 - 0)).
67
What is the value of 19 + 8 + 42 + -20 + -26?
23
Evaluate 16 - -1 - ((155 - -9) + -78).
-69
Calculate -82 + -3 - (-105 - -63).
-43
Evaluate -18 + 21 + -15 - (0 + (2 - 6 - 2)).
-6
-8 - (-12 - (19 - (24 + -21)))
20
Calculate (2949 - 2976) + (-91 - -3).
-115
Evaluate -1 - -55 - (-9184 - -9234).
4
What is the value of (0 - 23 - -1) + (3454 - 3381)?
51
Evaluate -11 - (5 - -24) - (12 + 2 + 1).
-55
What is the value of -4